nd j.
16
Suppose -5 = -4*n - n. Let v be n/4 - (-44)/16. Let a(t) = t + 34. Let g be a(-25). Calculate the greatest common factor of v and g.
3
Let c be 195 - (-3 + 1 + -1). Suppose 24*b = 29*b - 90. What is the highest common divisor of b and c?
18
Let x(k) = -k**3 + 15*k**2 - 49*k + 4. Let r be x(10). What is the greatest common factor of r and 406?
14
Let g = 17 - 10. Suppose -g*i + 40 = -86. What is the highest common factor of i and 42?
6
Suppose l - 33 = 4*u - 3*u, 0 = 3*l - 2*u - 98. Suppose 4*f - 8 - l = 0. What is the highest common divisor of f and 90?
10
Suppose -18*u - 3*u = -8694. Calculate the greatest common divisor of u and 18.
18
Let i(w) = 20*w + 508. Let v be i(-25). What is the greatest common divisor of v and 152?
8
Suppose -2*w = -k - 5, 0*w = -3*w + 3*k. Suppose -w*r + 3 = 18. Let y be 2*r/(-3) + 37. Calculate the highest common divisor of y and 26.
13
Suppose 4*w - d - 1684 = 0, -5*d - 543 = -2*w + 317. What is the greatest common divisor of 24 and w?
12
Let z = 740 + -677. What is the greatest common factor of 99 and z?
9
Suppose -5*c + 0*p = -3*p - 29, p - 9 = -3*c. Let h = c + 36. Suppose f - h = -f. What is the greatest common factor of 4 and f?
4
Suppose -3*l + 5*m = -7, -3*l + 5*l - 4 = 4*m. What is the greatest common factor of 64 and l?
4
Let h = 2309 + -2105. Calculate the highest common factor of h and 357.
51
Let v(z) = z**2 + 24*z + 17. Let l be v(-23). Let h(f) = -f**2 - 4*f - 2. Let p be h(-6). Let x = l - p. What is the greatest common factor of x and 40?
8
Let y(p) = 10*p**2. Suppose 5*z = 5, -4*z + 4 + 5 = -5*l. Let b be y(l). Let t(f) = -8*f + 4. Let x be t(-2). What is the highest common factor of x and b?
10
Suppose 3*o + o = 124. Suppose -2*d + d + 310 = 0. Calculate the greatest common factor of d and o.
31
Let y = -70 - -68. Let c be 2 + y - -1*352. Calculate the highest common divisor of 32 and c.
32
Let u be 1 + -6 - (-111 - (-4 - 3)). What is the highest common factor of u and 396?
99
Let a(m) = 2*m**2 + 11*m - 7. Let v be a(7). Suppose 196 + v = 2*h. Let k be 5/2*h/35. What is the greatest common factor of k and 104?
13
Let k(g) = -3*g + 214. Let x be k(0). Suppose x = 2*l + 5*o, -l + 0*o + 114 = -o. What is the greatest common divisor of l and 14?
14
Let y be (-16)/(-24) - (-3)/9. What is the highest common factor of 389 and y?
1
Suppose 5*o = 4*q + 52, -43*o + 48*o - 3*q - 49 = 0. What is the greatest common divisor of 124 and o?
4
Let w be (6/(-4) + 2)*0. Suppose w = x - 3*x + 210. Calculate the highest common factor of x and 21.
21
Suppose -4*j = 5*p - 183, -4*p - p = -3*j + 111. What is the highest common factor of 42 and j?
42
Let a(q) = 11*q**2 - 2. Let p = -11 - -9. Let m be a(p). Suppose 0 = s + 2*s - 63. Calculate the greatest common factor of m and s.
21
Let q = 440 - 408. Suppose -2*w = -w - 8. Calculate the highest common divisor of q and w.
8
Suppose -7*h = -2*h - 280. Let y = 611 - 604. Calculate the greatest common divisor of y and h.
7
Suppose -19*t + 33*t = 1848. Calculate the highest common divisor of 36 and t.
12
Let o be 323/5 + ((-108)/(-20) - 6). What is the greatest common factor of o and 80?
16
Let o be 49/(-4) + (-3)/(-12). Let u = 20 + o. Let w = -3814 + 3826. What is the greatest common factor of u and w?
4
Let f(s) = s + 16. Suppose 0 = 3*u + 45. Let l be f(u). What is the highest common factor of l and 2?
1
Let h be 65 + 2 - (13 + -1). What is the highest common factor of 110 and h?
55
Suppose -g = -4*z - 0*z - 5, 0 = 4*z. Suppose -5*h + 85 = -g*x, 5*x + 45 = 2*h + h. Calculate the greatest common factor of 40 and h.
20
Let f = 20 + -11. Let u = -526 + 922. Suppose -4*q + 0 = -u. Calculate the greatest common factor of f and q.
9
Let i = -8 - -2. Let l be (-4)/i*(-18)/(-4). Suppose 3*c - 41 = -5*r - 4, -11 = -l*r + c. What is the highest common factor of r and 45?
5
Suppose -17*r + 38 + 13 = 0. Suppose q + 3*q = 16. Suppose 0 = 3*w - w - 4*k - 24, -4*w + q*k + 28 = 0. What is the highest common divisor of w and r?
1
Suppose -17907 = -48*v + 140685. What is the greatest common factor of 56 and v?
56
Let f(x) = 53*x + 1. Let u be f(1). Let g = 17 + 19. What is the highest common divisor of g and u?
18
Let v(z) = -6*z - 2. Let s be v(-2). Let w = 15 - s. Let n be (6/9)/(8/12). What is the highest common divisor of n and w?
1
Suppose -4*l + 0*n + 2*n = -56, 56 = 4*l + 5*n. Let k be (155 - -1) + -8 + 3 + 3. What is the highest common factor of k and l?
14
Suppose 7 = -w + 3*z, -5 = 3*z + 4. Let c = w - -25. Suppose 213 = 3*h + 3*s, h - 43 = 3*s + 32. What is the highest common divisor of h and c?
9
Let c(x) = x**3 + 12*x**2 - 87*x + 42. Let l be c(10). Calculate the greatest common divisor of l and 56.
28
Let o = 12 + -10. Let u(l) = -2*l + 16. Let w = -2 + 2. Let i be u(w). Calculate the highest common factor of o and i.
2
Let t(z) = 4*z - 2*z - 3 - 4 + z. Let p be t(3). Suppose -d + 35 = p*n + 2*d, 4*n = -4*d + 60. What is the greatest common divisor of n and 2?
2
Suppose d - 1 = -5*n, -4 = 43*n - 39*n. Calculate the greatest common divisor of d and 192.
6
Let m(a) = a**3 + 6*a**2 - 7*a - 8. Let i be m(-6). Suppose 10 - i = 3*w. Let o be (-618)/(-24) - 2/w. Calculate the greatest common factor of 13 and o.
13
Suppose -3*g + 7*g - 88 = 0. Let d be 18/(-12)*4/(-3). Suppose h = -d*q + 25, 0 = -4*h - 6*q + 3*q + 120. Calculate the greatest common factor of g and h.
11
Suppose 2*u = 6*u. Let k = 60 + u. Suppose y - 5*a + k = 3*y, -3*a - 111 = -3*y. What is the highest common divisor of y and 7?
7
Suppose 2*t + a + 1397 = 4*t, -t = 4*a - 685. What is the highest common divisor of t and 51?
17
Let q be 199/(-2)*(1 - -1). Suppose -5*t + 640 = -5*k - 0*k, -4*k = -5*t + 516. Let p = k - q. Calculate the highest common divisor of p and 15.
15
Suppose 5*f + 10 = 50. Let o = 119 - 115. Calculate the highest common divisor of f and o.
4
Let q = -7 - -11. Let k be q/(-6) - (-148)/6. Let p = -45 - -105. What is the greatest common factor of k and p?
12
Let z(l) = -2*l**2 - 18*l + 15. Let s = -56 + 47. Let a be z(s). What is the highest common factor of 5 and a?
5
Let u be (1/(-3))/(6/(-72)). Suppose -2*g - 6 = -u*g. Let y be (-4 - -1) + 190/38. What is the highest common factor of y and g?
1
Let s(r) be the second derivative of r**5/20 + 5*r**4/3 - r**3/6 - 5*r**2 + 36*r. Let q be s(-20). Calculate the highest common divisor of 70 and q.
10
Let a be (-68)/(-119) - (-10)/7. Let n be ((60/(-8))/(-3))/((-3)/(-6)). What is the greatest common factor of n and a?
1
Suppose 5*i + 40 = 8*i + 4*o, -4*i - 2*o + 40 = 0. Suppose 3*x + 12 = 7*x. Calculate the greatest common divisor of i and x.
1
Let o = -20 + 2. Let c(p) = p**2 + 10*p - 38. Let z be c(o). What is the highest common divisor of z and 265?
53
Suppose 0*i - 3*d = i - 44, -4*d = 3*i - 112. What is the highest common factor of 152 and i?
8
Suppose 36 = -0*w + 5*w + 3*u, -2*u - 24 = -2*w. Let x = -3 + 3. Suppose -99 = -x*d - d. What is the highest common divisor of d and w?
9
Suppose 0 = 24*b + 4*b - 224. What is the greatest common factor of 36 and b?
4
Suppose 2*v = -0*v + 16. Suppose 65 = 5*r - 40. Let m(l) = -l**2 + 26*l - 33. Let t be m(r). Calculate the highest common factor of v and t.
8
Let p = -20 - -22. Suppose 3*k + p*k - 270 = 0. Let a = k + -18. What is the greatest common divisor of 90 and a?
18
Suppose -2*a - 5*p + 9 = 0, -3*a - 2*p = -3*p + 29. Let k be 0*4/a + -4. Let b = 0 - k. What is the greatest common divisor of b and 16?
4
Suppose 15 = 8*v - 1. Suppose -2*w + 4*o = -84, -v*o + 22 = -2*w + 108. What is the greatest common divisor of 22 and w?
22
Suppose 30*k - 27*k + 2*l = 384, 0 = 2*k + 5*l - 245. Calculate the highest common factor of 26 and k.
26
Let g = -1961 - -2024. Calculate the highest common divisor of g and 1365.
21
Suppose -28*x + 307 = -449. What is the highest common factor of 144 and x?
9
Let c be 0/((-12)/3) - -4. Let p be ((-1)/3)/(1/(-18)). Let f = 6 + p. Calculate the greatest common factor of f and c.
4
Suppose 190 = -30*f + 49*f. What is the highest common divisor of f and 235?
5
Let x be (-142 + -2)*5/(-10). Let s = 30 + -19. Suppose 0 = 6*w - 43 - s. Calculate the highest common divisor of x and w.
9
Let y be -18*(44/(-120) - 22/165). What is the greatest common factor of 927 and y?
9
L